/(-8)). Let a(l) = l**3 - 8*l**2 + 7*l - 3. Give a(d).
-3
Let n(a) = -5*a + 9. Let j(c) be the first derivative of -2*c**2 + 8*c - 10. Let x(z) = -6*j(z) + 5*n(z). What is x(-3)?
0
Let w(h) = h**2 - 3*h + 1. Suppose 0*b + b = 49. Let o = b + -47. Determine w(o).
-1
Let n(k) = -k**3 + 6*k**2 + 9*k - 8. Suppose 0 = 5*u + 34 - 209. Suppose y + u = 6*y. Calculate n(y).
6
Let i(j) = -2*j**2 - 12*j - 1. Suppose 94*y - 24*y + 420 = 0. Calculate i(y).
-1
Suppose -2*d + 4*d = -4*l + 2, -2*d + 3*l = -9. Let v(c) be the first derivative of -4*c + 3 + 4/3*c**d + 0*c**2 - 1/4*c**4. Give v(4).
-4
Let m(c) be the first derivative of c**2/2 - 718. Suppose -3*p = -5*f - 0*p - 41, 0 = -2*f - p - 23. Let v be (-16)/(-5) - (-2)/f. Give m(v).
3
Let h(z) be the first derivative of z**2/2 + 43*z - 14. Give h(0).
43
Let z = 14 + -8. Let w(d) = d - 6. Let i be w(z). Let v(o) = o + 9*o**3 - 3*o**2 - 6*o**3 + 2*o**2 - 2*o**3 + 1. Determine v(i).
1
Let v(o) = 718*o**2 - o**3 - 714*o**2 - 5 + o + 3*o. Calculate v(5).
-10
Let o(n) be the second derivative of -1/12*n**4 + 0 + 5/2*n**2 - 16*n - 5/6*n**3. Give o(-5).
5
Suppose g = 4*g. Suppose -5*b + 61 = -24. Let y(u) = -8*u + b*u - 4*u - 6*u - 5. Determine y(g).
-5
Suppose w - 4*a = -a - 2, -5 = -w - 4*a. Suppose 0 = 4*s + 3*c - w, 5*s = 4*c - 3 + 43. Let q(x) = x - 3. Determine q(s).
1
Let o(m) = 3*m**2 - m + 2. Let b be (130/260)/((-1)/(-6)). Determine o(b).
26
Suppose -12 = 4*b + 5*h, -10 = 3*b - 0*h + 4*h. Let i = -4 - b. Let j(x) be the second derivative of -x**3/2 - x**2 + 8*x + 2. Determine j(i).
16
Let m(g) be the third derivative of g**6/120 - g**5/60 - g**4/24 + 2*g**3/3 - 6*g**2. Suppose 0 = -s - s. Let z be (s + (-1)/(-2))*0. Calculate m(z).
4
Let q(i) = -i + 7. Let z be q(5). Let p(u) = 121829*u - u**2 - 121827*u + 5 - 1 - 3. Give p(z).
1
Let u be (-21)/(-6) - 9/(-6). Suppose -u*i - 5 = 2*f - f, -4 = 4*f + 4*i. Let q(p) be the third derivative of p**4/24 + 5*p**3/6 + p**2. What is q(f)?
5
Let y(h) = 2*h**3 - 2*h**2 + 2*h - 1. Suppose 0 = -42*v + 45*v - 3. Determine y(v).
1
Let a be (1/(-2))/(7/(-126)). Let q(f) = -f - 1. Let x(j) = j. Let h(y) = -3*q(y) - 2*x(y). Determine h(a).
12
Let i(d) = -63 - d**2 + 12*d + 59 - 11*d. What is i(3)?
-10
Let h(o) = -4*o - 6. Let l(y) = 1. Let p(f) = h(f) + 5*l(f). Let g = 3 + 2. Suppose -g*m - 9 = -4*q, m - 5*m = -q + 5. Give p(q).
-5
Let b(g) = -37*g**3 - 29*g**2 - 20*g + 26. Let i(o) = 13*o**3 + 10*o**2 + 7*o - 9. Let y(z) = -6*b(z) - 17*i(z). What is y(-5)?
-33
Let o(g) = g**2 + 4*g. Let z be o(-5). Suppose -4*d + z = -3. Suppose -5*s = -d*s + 15. Let v(j) = j**2 + 5*j - 6. Calculate v(s).
-6
Let b(t) = -2*t**2 - 3*t + 2. Let u be ((-4)/(-10))/(40/200). Determine b(u).
-12
Suppose -8*t = -2*t - 42. Let a(h) = -t*h + 556 - 555 + 4*h. Give a(1).
-2
Let g(l) = 144*l - 2453. Let s be g(17). Let v(j) = j**2 - j - 1. Let z(m) = -4*m**2 - 3*m + 5. Let a(p) = 3*v(p) + z(p). Determine a(s).
7
Let u be (18/30)/((-24)/(-20)). Let a(x) be the second derivative of x - x**3 - u*x**2 + 0 - 1/12*x**4. Give a(-6).
-1
Let t(b) = -10*b**2 + b. Suppose -5*i = 3*c - 19, -3*c + 3 + 0 = -3*i. Suppose -21 - 15 = c*q. Let h = q - -11. What is t(h)?
-11
Let l be 8 + (-45)/(3 + 0). Let b(t) = -3*t + 10. Give b(l).
31
Let p = -28 + 31. Suppose -p*d = -5*d + 8. Suppose 0 = -3*x + d*n + n + 31, -2*x + 4 = 5*n. Let l(r) = -r**3 + 6*r**2 + 7*r + 6. Calculate l(x).
6
Let w(y) be the second derivative of -y**3/2 - 7*y**2/2 - 341*y - 1. Calculate w(-9).
20
Let p(c) be the first derivative of c**4/4 - 5*c**3/3 + 3*c**2/2 - 1. Let a be p(4). Let k = 2 + a. Let n(f) = -f**3 - f**2 - 2*f - 1. Give n(k).
7
Let y = -31 - -35. Suppose -d - 4*d + 3*t - 47 = 0, y*d = -3*t - 16. Let l(q) = -q**3 - 8*q**2 - 7*q - 4. Give l(d).
-4
Let b(g) = g**2 - 9*g - 3*g**2 - 4*g**2 + 3*g**2 - g**3 - 5*g**2 - 10. What is b(-7)?
4
Let h(j) = 3. Let n = 140 - 139. Let a(r) be the first derivative of -r**2/2 + r + 2. Let w(k) = n*h(k) - 3*a(k). Calculate w(1).
3
Let x = 1 + 4. Suppose 20 = x*a - a. Suppose 5 = a*v - 20. Let l(z) = -z**2 + 5*z - 2. Determine l(v).
-2
Let l = -5 + 8. Let z(d) be the second derivative of 2*d**2 + 1/2*d**3 + 7*d + 0. Calculate z(l).
13
Let h(f) = 7*f**3 - f**2 + f + 17. Let t = 28 + -17. Let u(k) = 7 - k**2 + t - 4*k**3 + k + 12*k**3. Let n(i) = 7*h(i) - 6*u(i). Determine n(0).
11
Let s = 1 + 3. Let i be 70/6 - s/6. Let m(k) = k**2 - 11*k - 1. Let c be m(i). Let y(z) = 2*z**3 + z**2 - 1. Give y(c).
-2
Let k(m) = -m**3 - 17*m**2 - 22*m - 90. Let y be k(-16). Let a(o) = o**3 - 6*o**2 + 2*o - 2. Determine a(y).
10
Suppose -f - k - 230 = 0, -f + 210 = -2*f - 5*k. Let d = f + 412. Let u(t) = d*t**2 + 1 + 23*t**3 - 177*t**2. Give u(-1).
-22
Suppose 4*p - 39 - 296 = -5*f, 5*f = 4*p + 295. Suppose f = 10*u + 3. Let y(s) = s - 5. Give y(u).
1
Let h(w) = w + 2. Let n(z) = 4*z**2 - 24*z - 3. Suppose 2*d - 4*u = 24, -2 = -2*d - 2*u + 4. Let q be n(d). What is h(q)?
-1
Let j(o) = -4*o + 3. Let p(r) = -r**2 + r + 22. Let v be (-2 - 7/(-4)) + (-30)/8. Let z be p(v). Give j(z).
-5
Let l(t) = -t**2 + 6*t - 3. Let s be l(4). Let k(n) = -7*n**2 + 10*n - 4. Let j(w) = -4*w**2 + 5*w - 1. Let p(x) = 5*j(x) - 3*k(x). Determine p(s).
7
Let x(g) = g - g + 4 + g. Let d be (2/(-3))/(4/(-42)). Suppose d*a + 36 + 6 = 0. What is x(a)?
-2
Let g(c) = c - 11. Let m = 0 + 3. Let x = m + 2. Let q be g(x). Let l(o) = o**3 + 5*o**2 - 8*o - 6. Give l(q).
6
Let u(h) = 2*h - 3. Suppose 4*c + 11 = -f - 0*f, -c = 4*f - 1. What is u(c)?
-9
Suppose 0 = 4*g + 4*s - 0 + 12, -35 = -5*g + 5*s. Let d(a) be the first derivative of -2 - 3*a + 3/2*a**g - 2/3*a**3 - 1/4*a**4. Determine d(2).
-13
Let r(w) = -13*w**2 - 3*w - w**3 + 10*w - 6*w**2 + 7 + 15*w**2. Calculate r(-5).
-3
Let r(c) = 0*c**2 - c**2 + 8513*c + 3 - 8513*c. Give r(-4).
-13
Let y(x) be the first derivative of x**2/2 + 2*x - 134. Determine y(6).
8
Let p(l) = -2*l**2 - l + 7. Let q(g) = -g - 1. Let m(j) = -j**2 - 6*j + 1. Let f(k) = m(k) - 5*q(k). Let a(t) = 6*f(t) - 5*p(t). What is a(1)?
4
Let l(o) = -117*o + 36. Let g(t) = -28*t + 9. Let r(f) = -21*g(f) + 5*l(f). Suppose 0 = c + 3 - 9. Calculate r(c).
9
Let r(d) = 2*d + 13. Let a(y) = 2*y**2 - 18*y - 20. Let s be a(10). Calculate r(s).
13
Let d(c) = 3*c + 9. Let q = -1008 + 1003. Give d(q).
-6
Let u(l) = 3*l - 21. Let k be u(8). Let w(q) = -q + q + 2*q + 2*q + 1 - 2*q**2. Determine w(k).
-5
Let z(x) = -x**2 + x - 1. Let j(n) = -6*n**2 + n - 6. Let h(q) = -j(q) + 5*z(q). Suppose 2*m - 3*a = -12, 5*m + a = 6*a - 30. Calculate h(m).
13
Let l(b) be the first derivative of -5*b**2/2 + 13*b - 5. Let z(i) = 12 + 1 - 4*i - 1 + 0*i. Let a(x) = -5*l(x) + 6*z(x). What is a(6)?
13
Suppose 7*w = 15 + 41. Let p be ((-15)/(-10))/3*w/(-2). Let c(q) = 7*q**2 + 2*q - 2. What is c(p)?
22
Let a = -6 + 7. Suppose 2*z + a = 3*w - 4, 0 = -4*z - 4. Let r(j) = 47*j + w - 45*j - 2 + j**2. What is r(2)?
7
Let c(w) = w**2 - 2. Let s(u) = -3*u**2 - 3*u + 23. Let l(f) = 2*c(f) + s(f). Calculate l(-6).
1
Let j(d) be the third derivative of -d**5/60 + 5*d**4/24 + d**3/6 + 17*d**2. Let a(b) = 1. Let p(y) = 5*a(y) + j(y). What is p(5)?
6
Let j(v) be the third derivative of v**6/120 + v**5/12 + 5*v**4/24 - v**3/3 + 10*v**2. Let d be 6/(-24) - (5 - (-15)/(-12)). What is j(d)?
-6
Let n = 0 + 7. Let l(m) = m**3 - 7*m**2 - m + 7. Let i be l(n). Let w be -1*i*2/(-6). Let b(p) = p**2. Give b(w).
0
Let g(w) = w**3 - 6*w**2 - 8*w + 6. Let d(h) = 2*h**2 - h - 3. Let m be d(-2). Suppose 9*a - m = 8*a. Give g(a).
-1
Suppose -39 + 19 = 5*r. Let f(p) = p**3 + 3*p**2 - 2*p + 3. What is f(r)?
-5
Let y(b) = 2564*b - 2565*b + 3*b**2 - 2*b**2 + 1. Let r(o) = -o**3 - 8*o**2 + 5*o + 3. Let c(i) = r(i) + 2*y(i). Calculate c(-6).
-13
Let o(f) = -f**3 - 8. Let q be -1 - (-6 + -3 + 6 + 2). What is o(q)?
-8
Let x be 5/(3/(-2 + -1)). Let u(r) = 0 + 5 - 6 - 1 + 2*r. Give u(x).
-12
Let i(t) = -t**2 - 5*t - 2. Let o be i(-4). Let w(m) be the first derivative of -m + 0 + m**2 + 1 - 5 - 1. Calculate w(o).
3
Let s be 32/(-40)*(-10)/4. Suppose 5*k - 2*k - 24 = 3*i, -5*i = s*k - 30. Let t be 12/20 + 44/k. Let b(l) = -l**2 + 5*l + 5. Determine b(t).
5
Let z(w) be the third derivative of 0*w - 1/4*w**4 + 0 + 1/60*w**5 + 7*w**2 - 7/6*w**3. Calculate z(7).
0
Suppose 0 = -5*u - 7 + 17. Suppose 5*j = 22 - 7.